culate the remainder when 16 is divided by y.
7
Let l be 1*2 - (3 + -84). Let v = l - 42. What is the remainder when v is divided by 14?
13
Let w(x) = -6*x - 7. Suppose 0 = 5*f - 1 + 41. What is the remainder when w(f) is divided by 22?
19
Suppose 59 = -10*g + 269. Calculate the remainder when g is divided by 12.
9
Calculate the remainder when 4/(-4 - 0) + 59 is divided by 12.
10
Let j = 81 + 34. Suppose -17 = -4*d + j. Calculate the remainder when d is divided by 17.
16
Let x = -64 + 154. Calculate the remainder when x is divided by 13.
12
Let p = 22 + -16. What is the remainder when 16 is divided by p?
4
Suppose 0 = 3*n - 2 - 10. Suppose -26 = -2*p + j, -p - j = n*j - 2. Let c = 11 + -4. Calculate the remainder when p is divided by c.
5
Suppose 0 = 5*k - 19 + 4. Suppose 0 = -7*s + 2*s - r + 50, -k*r - 48 = -3*s. Calculate the remainder when 43 is divided by s.
10
What is the remainder when 156 is divided by 162/4 + (-6)/12?
36
Suppose 3*p + 45 = -5*d, -d + 4 = -p - 11. Let x = p + 59. What is the remainder when x is divided by 23?
21
Let y(d) = -d - 3. Let g be y(-5). Let u be -7*g*(1 + -2). Suppose 0*i = -i + u. Calculate the remainder when 40 is divided by i.
12
Let d = -7 + 11. What is the remainder when (d/(-10))/((-4)/160) is divided by 9?
7
Let n(q) be the third derivative of 0 + 7/24*q**4 + 0*q**3 + 0*q + 4*q**2. What is the remainder when 54 is divided by n(4)?
26
Let a(d) = -6*d**3 + 2*d**2 - 1. Let f be -3 + 1 - 0 - -2. Let i(z) = -z**2 + 4. Calculate the remainder when a(-1) is divided by i(f).
3
Let m be -4*19/2*-8. Suppose 69 - m = -5*x. Let z = x + -21. Calculate the remainder when z is divided by 9.
8
Let m(v) = v**2 - 12*v + 25. Suppose -3*s = -0*s - 39. Calculate the remainder when m(13) is divided by s.
12
Suppose 0 = -3*v - 4*b + 68, 5*b + 39 = -v + 5*v. What is the remainder when 45 is divided by v?
13
Let z(g) = g - 6. Let u be z(7). Calculate the remainder when (-25)/(-1) - (-1)/u is divided by 9.
8
Suppose -3*v + 82 = -5*m - 64, 5*m - 10 = 0. What is the remainder when v is divided by (-3 + 0)/((-1)/9)?
25
Suppose 3*o + 5*z = 0, 0*o - o - z + 2 = 0. Let n = 4 - 0. Suppose -n*c = -5*c + o. What is the remainder when c is divided by 3?
2
Calculate the remainder when 1*(-2)/((-2)/29) is divided by 15.
14
Suppose j = -j - 6. Suppose 30 = 7*z - 2*z. What is the remainder when 3 + (15 - (-2 - j)) is divided by z?
5
Let y(m) be the first derivative of m**5/40 - m**4/24 - m**3 + 4. Let k(d) be the third derivative of y(d). What is the remainder when k(8) is divided by 13?
10
Suppose -g + 33 = a, -2*a = a - g - 115. What is the remainder when a is divided by 13?
11
Suppose 4 + 21 = 5*v. Suppose -12*g + 48 = -8*g. What is the remainder when g is divided by v?
2
Suppose 6*f = 39 + 39. What is the remainder when ((-38)/(-3))/((-1)/(-3)) is divided by f?
12
Let l = -27 + 53. Let i be 20/(-8)*6/(-5). Suppose 3*y - 3*k - 21 = 0, -i*k - 3 = -0*y - y. Calculate the remainder when l is divided by y.
8
Let j be (-2 - -1)/(1*-1). Suppose -9 - 5 = -4*k - 2*u, -u = -j. Suppose -2*o + 65 = k*o. Calculate the remainder when 24 is divided by o.
11
Let y = 75 - 56. Calculate the remainder when 68 is divided by y.
11
Suppose y - 3*h + 16 = 0, -2*y + 4*h - 32 = -10. Suppose -3*z + 76 = -0*v + 5*v, 4*z = -v + 22. What is the remainder when (0 - (-43 - y)) + -2 is divided by v?
12
Let v = 32 - 23. Suppose -2*w = 2*g - 42, -3*g - 4*w + 25 = -34. What is the remainder when g is divided by v?
7
Suppose 5*y - 8 = 2. Suppose -5*p + y*l + 3 = -39, 0 = l + 1. Calculate the remainder when 39 is divided by p.
7
What is the remainder when 99 is divided by ((-816)/(-64))/(3/8)?
31
What is the remainder when 145 is divided by 11/22*(1 + 73)?
34
Suppose -106 = 2*j - 134. Suppose -2*x - 5 = -6*g + g, g = -4*x + 23. Calculate the remainder when j is divided by g.
2
What is the remainder when (1 - (-5)/(-1)) + 39 is divided by 19?
16
Let i = 28 + -15. Let t(s) = s**2 + 4*s - 7. Calculate the remainder when t(5) is divided by i.
12
Let h be 3*(10/3)/5. Suppose 5*q + 53 = m + h*m, -2 = -q. What is the remainder when m is divided by 11?
10
Let o(d) = -2*d**2 - 11*d + 4. What is the remainder when 30 is divided by o(-4)?
14
Suppose 5 = d + 3. Suppose -14 = -3*o + f, -13 = -o - d*o + 2*f. Suppose 0*r - 2*r + 10 = j, -o*j - 2*r = -66. Calculate the remainder when 41 is divided by j.
13
Suppose -23*q = -18*q + 45. What is the remainder when ((-2)/6)/(q/891) is divided by 17?
16
Let r(c) = 8*c - 4. Calculate the remainder when r(2) is divided by 5.
2
Let l = -56 + 101. Calculate the remainder when l is divided by 12.
9
Calculate the remainder when -4*1 + (71 - 6) is divided by 32.
29
Let o be ((-6)/9)/(3/27). What is the remainder when (2 - 27/o)*6 is divided by 20?
19
Suppose -3*i + 1662 = 2*i + 3*k, -3 = 3*k. Suppose -5*t = 4*q - 258, 5*q + 4*t - 3*t - i = 0. Calculate the remainder when q is divided by 23.
21
Let g(o) = -o**3 - o**2 + o + 4. Let t be g(2). Let r(n) = -n**3 - 6*n**2 - 2*n - 6. What is the remainder when 17 is divided by r(t)?
5
Let a(f) = -f**2 + 5*f - 1. Let j be a(5). Let k = j - -4. What is the remainder when 8 is divided by k?
2
Let w be (-2 - -4) + 1 + 2. Suppose -5*g + 5*l - 15 = -0*l, 0 = w*g + 2*l + 15. Let h = 8 - g. What is the remainder when 21 is divided by h?
10
Let j = 21 + 0. What is the remainder when 104 is divided by j?
20
Suppose 3 = -5*n + 13. Calculate the remainder when 3 is divided by n.
1
Let v = 7 + -2. Suppose -4*l - 5*c = -c - 40, -2*c + 38 = v*l. Suppose -k = -l*k + 165. Calculate the remainder when k is divided by 17.
16
Suppose -1 - 17 = -o. Let p be 5/(-4)*-4 + -1. Suppose -p*w = -w - 30. What is the remainder when o is divided by w?
8
Let y(n) = 2*n + 20. What is the remainder when y(15) is divided by 13?
11
Suppose -1 = 3*p - 10. Let r be (-95)/(3 - 4) + p. Let m = r + -58. What is the remainder when m is divided by 14?
12
Let c(q) = -2*q - 4. What is the remainder when c(-25) is divided by 33?
13
Let i(d) = 5*d**2 - 3*d + 3. Let y be 48/(-4)*6/(-9). Suppose y = -4*x - 2*b + 42, -5*x + 44 = 2*b. Calculate the remainder when i(3) is divided by x.
9
Let d(t) = 16*t - 3. Suppose -g + 1 = p, -2*g + 4 = -2*p - 2. Suppose 0*w - 5*w - 3*h = -65, g*w - 4*h = 0. What is the remainder when d(2) is divided by w?
9
Suppose -2*u = -4*u + 10. Suppose 0 = -u*y + 3 + 7. Calculate the remainder when (y/(-3) - -1)*66 is divided by 8.
6
What is the remainder when (24/(-5))/(9/(-150)) is divided by 7?
3
What is the remainder when 6 is divided by 4/(-22) + 5 + (-210)/55?
0
Let c(b) = -b**2 - 10*b - 10. Suppose -5*j - 40 = -0*j. Calculate the remainder when (-2)/(-8) + 91/4 is divided by c(j).
5
Suppose -4*p - 3*q - 5 = -9*p, -5*p - 3*q = -35. Suppose 5*h = -p*l + 316, -5*l + 395 = -3*h + 2*h. Calculate the remainder when l is divided by 16.
15
Let v(r) = -r**2 - 12*r - 3. Let x be (-9)/((1 + -3)/(-2)). Calculate the remainder when v(x) is divided by 13.
11
Let r = 207 + -194. Calculate the remainder when 179 is divided by r.
10
What is the remainder when (-890)/(-14) + (-4)/7*1 is divided by 23?
17
Let h(u) = 9*u + 22. Calculate the remainder when h(5) is divided by 14.
11
Let b = 12 + -9. What is the remainder when (2/b)/((-4)/(-66)) is divided by 4?
3
Let w(x) = 3*x - 13. Calculate the remainder when 30 is divided by w(7).
6
Suppose -b + 50 = 4*n, -3*n = 3*b - 6*n - 75. What is the remainder when 87 is divided by b?
27
Suppose 3*l = 3*t - 24, 3*t - 2*l = -7 + 28. Suppose t*r = -2 + 192. Calculate the remainder when r is divided by 10.
8
Suppose -5*g + 17 = -8. Suppose o + r - 9 = 0, -3*o + 6*r + 3 = 3*r. Calculate the remainder when o is divided by g.
0
Let v = 160 - 138. What is the remainder when 100 is divided by v?
12
Let i = 148 + -104. Let p = -22 + i. Calculate the remainder when 64 is divided by p.
20
Let d(l) = -l**3 + 8*l**2 - 2*l - 2. Let o be d(8). Let m = -2 - o. What is the remainder when m is divided by 9?
7
Let w(k) = -k**3 - k + 5. Let d be w(0). Suppose 3*i - q + 42 = d*i, -3*i + 64 = q. What is the remainder when 41 is divided by i?
19
Suppose j = -3*x, 2*x = -5*j + x - 28. Let v = j - -19. What is the remainder when 38 is divided by v?
12
Let p = 7 - 34. Let c = p + 19. Let n = 7 - c. Calculate the remainder when n